the hundreds digit of 16205?
2
What is the tens digit of 15863?
6
What is the units digit of 262?
2
What is the units digit of 8455?
5
What is the hundreds digit of 32022?
0
What is the ten thousands digit of 14635?
1
What is the hundreds digit of 11825?
8
What is the hundreds digit of 13852?
8
What is the units digit of 8013?
3
What is the units digit of 8464?
4
What is the hundreds digit of 1262?
2
What is the hundreds digit of 1501?
5
What is the hundreds digit of 9717?
7
What is the tens digit of 12490?
9
What is the tens digit of 1875?
7
What is the units digit of 692?
2
What is the tens digit of 463?
6
What is the units digit of 2768?
8
What is the units digit of 2279?
9
What is the tens digit of 3703?
0
What is the thousands digit of 15901?
5
What is the units digit of 5304?
4
What is the hundreds digit of 879?
8
What is the hundred thousands digit of 131654?
1
What is the thousands digit of 31620?
1
What is the hundreds digit of 2142?
1
What is the tens digit of 25834?
3
What is the thousands digit of 3213?
3
What is the ten thousands digit of 30079?
3
What is the tens digit of 76140?
4
What is the hundreds digit of 11896?
8
What is the tens digit of 9199?
9
What is the units digit of 1660?
0
What is the units digit of 2036?
6
What is the units digit of 27?
7
What is the thousands digit of 6622?
6
What is the units digit of 33548?
8
What is the units digit of 14048?
8
What is the hundreds digit of 26591?
5
What is the tens digit of 2571?
7
What is the units digit of 1512?
2
What is the tens digit of 340?
4
What is the units digit of 101?
1
What is the units digit of 483?
3
What is the ten thousands digit of 10420?
1
What is the tens digit of 1100?
0
What is the units digit of 9432?
2
What is the units digit of 500?
0
What is the units digit of 1475?
5
What is the thousands digit of 24055?
4
What is the units digit of 930?
0
What is the tens digit of 2060?
6
What is the hundreds digit of 395?
3
What is the hundreds digit of 442?
4
What is the units digit of 1435?
5
What is the hundreds digit of 337?
3
What is the hundreds digit of 1179?
1
What is the hundreds digit of 2709?
7
What is the thousands digit of 4722?
4
What is the units digit of 2118?
8
What is the hundreds digit of 572?
5
What is the units digit of 251?
1
What is the units digit of 1510?
0
What is the units digit of 1184?
4
What is the hundreds digit of 9180?
1
What is the units digit of 22426?
6
What is the hundreds digit of 9491?
4
What is the tens digit of 3466?
6
What is the units digit of 103414?
4
What is the hundreds digit of 1754?
7
What is the tens digit of 338?
3
What is the tens digit of 5330?
3
What is the thousands digit of 20600?
0
What is the tens digit of 1504?
0
What is the ten thousands digit of 70217?
7
What is the units digit of 7772?
2
What is the units digit of 110?
0
What is the tens digit of 286?
8
What is the hundreds digit of 832?
8
What is the thousands digit of 28565?
8
What is the hundreds digit of 1966?
9
What is the thousands digit of 19147?
9
What is the hundreds digit of 61591?
5
What is the thousands digit of 1292?
1
What is the tens digit of 1396?
9
What is the thousands digit of 89522?
9
What is the tens digit of 52078?
7
What is the tens digit of 97611?
1
What is the ten thousands digit of 73033?
7
What is the units digit of 63122?
2
What is the units digit of 15?
5
What is the hundreds digit of 3602?
6
What is the tens digit of 7841?
4
What is the hundreds digit of 3354?
3
What is the units digit of 2290?
0
What is the units digit of 10143?
3
What is the thousands digit of 1913?
1
What is the ten thousands digit of 95258?
9
What is the tens digit of 5689?
8
What is the tens digit of 29?
2
What is the tens digit of 83100?
0
What is the units digit of 815?
5
What is the ten thousands digit of 13047?
1
What is the hundreds digit of 2511?
5
What is the thousands digit of 5605?
5
What is the thousands digit of 5774?
5
What is the thousands digit of 1336?
1
What is the hundreds digit of 8497?
4
What is the tens digit of 262?
6
What is the thousands digit of 9500?
9
What is the units digit of 31942?
2
What is the thousands digit of 9130?
9
What is the tens digit of 1116?
1
What is the units digit of 3406?
6
What is the units digit of 1895?
5
What is the ten thousands digit of 56672?
5
What is the tens digit of 2612?
1
What is the hundreds digit of 158667?
6
What is the thousands digit of 1682?
1
What is the hundreds digit of 8674?
6
What is the ten thousands digit of 14085?
1
What is the hundreds digit of 9537?
5
What is the units digit of 568?
8
What is the tens digit of 979?
7
What is the tens digit of 8008?
0
What is the units digit of 1779?
9
What is the hundreds digit of 6339?
3
What is the units digit of 42455?
5
What is the thousands digit of 76162?
6
What is the ten thousands digit of 68537?
6
What is the thousands digit of 2507?
2
What is the units digit of 519?
9
What is the thousands digit of 16063?
6
What is the thousands digit of 23622?
3
What is the tens digit of 6956?
5
What is the thousands digit of 15550?
5
What is the thousands digit of 2492?
2
What is the ten thousands digit of 30562?
3
What is the units digit of 811?
1
What is the tens digit of 2041?
4
What is the hundreds digit of 91701?
7
What is the units digit of 873?
3
What is the units digit of 961?
1
What is the tens digit of 3820?
2
What is the tens digit of 1126?
2
What is the thousands digit of 2165?
2
What is the units digit of 14?
4
What is the tens digit of 2401?
0
What is the units digit of 18661?
1
What is the tens digit of 1979?
7
What is the thousands digit of 15238?
5
What is the tens digit of 2275?
7
What is the units digit of 5651?
1
What is the tens digit of 13821?
2
What is the hundreds digit of 106?
1
What is the units digit of 2327?
7
What is the tens digit of 19202?
0
What is the units digit of 94306?
6
What is the units digit of 95?
5
What is the hundreds digit of 502?
5
What is the units digit of 20041?
1
What is the hundreds digit of 27187?
1
What is the thousands digit of 3955?
3
What is the hundreds digit of 502?
5
What is the units digit of 849?
9
What is the hundreds digit of 82752?
7
What is the tens digit of 55061?
6
What is the hundreds digit of 382?
3
What is the units digit of 3899?
9
What is the tens digit of 247?
4
What is the hundreds digit of 2202?
2
What is the tens digit of 19975?
7
What is the thousands digit of 25558?
5
What is the tens digit of 1179?
7
What is the tens digit of 3014?
1
What is the thousands digit of 23123?
3
What is the hundreds digit of 11913?
9
What is the tens digit of 3841?
4
What is the tens digit of 24228?
2
What is the units digit of 31068?
8
What is the hundreds digit of 17227?
2
What is the tens digit of 493?
9
What is the tens digit of 1594?
9
What is the hundreds digit of 8367?
3
What is the hundreds digit of 1318?
3
What is the thousands digit of 1311?
1
What is the thousands digit of 8733?
8
What is the hundreds digit of 8677?
6
What is the units digit of 66717?
7
What is the thousands digit of 4813?
4
What is the thousands digit of 106621?
6
What is the thousands digit of 8164?
8
What is the thousands digit of 3016?
3
What is the units digit of 830?
0
What is the hundreds digit of 11791?
7
What is the units digit of 16582?
2
What is the hundreds digit of 14495?
4
What is the tens digit of 953?
5
What is the tens digit of 1138?
3
What is the thousands digit of 9599?
9
What is the ten thousands digit of 23083?
2
What is the tens digit of 327?
2
What is the tens digit of 1430?
3
What is the hundreds digit of 981?
9
What is the hundreds digit of 70774?
7
What is the tens digit of 4281?
8
What is the hundreds digit of 41624?
6
What is the thousands digit of 8015?
8
What is the units digit of 667?
7
What is the tens digit of 20603?
0
What is the units digit of 1057?
7
What is the units digit of 51601?
1
What is the units digit of 69843?
3
What is the units digit of 1?
1
What is the hundreds digit of 33983?
9
What is the hundreds digit of 3745?
7
What is the hundreds digit of 914?
9
What is the tens digit of 10622?
2
What is the hundreds digit of 292?
2
What is the units digit of 6802?
2
What is the units digit of 2234?
4
What is the units digit of 10033?
3
What is the thousands digit of 130250?
0
Wh